{"id":2883,"date":"2022-08-22T21:37:13","date_gmt":"2022-08-22T21:37:13","guid":{"rendered":"https:\/\/www.todama.com\/TODAMA2\/?page_id=2883"},"modified":"2026-01-16T19:31:07","modified_gmt":"2026-01-16T19:31:07","slug":"compania","status":"publish","type":"page","link":"https:\/\/todama.com\/?page_id=2883","title":{"rendered":"COMPA\u00d1IA"},"content":{"rendered":"<p><section data-bb-version=\"4.7.6\" id=\"bt_bb_section6a09594f6fe0b\" class=\"bt_bb_section bt_bb_layout_boxed_1200 bt_bb_vertical_align_top bt_bb_top_spacing_large bt_bb_bottom_spacing_none bt_bb_section_allow_content_outside\" style=\";background-color:rgba(161,221,144,0.08);\" data-bt-override-class=\"{&quot;bt_bb_top_spacing_&quot;:{&quot;current_class&quot;:&quot;bt_bb_top_spacing_large&quot;,&quot;def&quot;:&quot;large&quot;},&quot;bt_bb_bottom_spacing_&quot;:{&quot;current_class&quot;:&quot;bt_bb_bottom_spacing_none&quot;,&quot;def&quot;:&quot;none&quot;}}\"><div class=\"bt_bb_background_image_holder_wrapper\"><div class=\"bt_bb_background_image_holder btLazyLoadBackground\"  data-background_image_src=\"https:\/\/todama.com\/wp-content\/uploads\/2023\/12\/bgn-industries-1536x755-1-768x378-1.png\" data-parallax-zoom-start=\"1\" data-parallax-zoom-end=\"1\" data-parallax-blur-start=\"0\" data-parallax-blur-end=\"0\" data-parallax-opacity-start=\"1\" data-parallax-opacity-end=\"1\" style=\" background-image: url(&#039;https:\/\/todama.com\/wp-content\/plugins\/bold-page-builder\/img\/blank.gif&#039;);\"><\/div><\/div><div class=\"bt_bb_port\"><div class=\"bt_bb_cell\"><div class=\"bt_bb_cell_inner\"><div class=\"bt_bb_row \"  data-bt-override-class=\"{}\"><div class=\"bt_bb_row_holder\" ><div data-bb-version=\"4.7.6\"  class=\"bt_bb_column col-xl-12 col-xs-12 col-sm-12 col-md-12 col-lg-12 bt_bb_align_center bt_bb_vertical_align_top bt_bb_padding_normal\"  data-width=\"12\" data-bt-override-class=\"{&quot;bt_bb_align_&quot;:{&quot;current_class&quot;:&quot;bt_bb_align_center&quot;,&quot;def&quot;:&quot;center&quot;},&quot;bt_bb_padding_&quot;:{&quot;current_class&quot;:&quot;bt_bb_padding_normal&quot;,&quot;def&quot;:&quot;normal&quot;}}\"><div class=\"bt_bb_column_content\"><header data-bb-version=\"4.7.6\" class=\"bt_bb_headline bt_bb_font_weight_normal bt_bb_subheadline_font_weight_bold bt_bb_subheadline_text_transform_default bt_bb_dash_top bt_bb_superheadline bt_bb_superheadline_outside bt_bb_size_large bt_bb_align_center\" style=\";font-family:&#039;Arsenal&#039;;color:rgb(0,0,0);border-color:rgb(0,0,0);\" data-bt-override-class=\"{&quot;bt_bb_size_&quot;:{&quot;current_class&quot;:&quot;bt_bb_size_large&quot;,&quot;def&quot;:&quot;large&quot;},&quot;bt_bb_align_&quot;:{&quot;current_class&quot;:&quot;bt_bb_align_center&quot;,&quot;def&quot;:&quot;center&quot;}}\"><div class=\"bt_bb_headline_superheadline_outside\"><span class=\"bt_bb_headline_superheadline\">HISTORIA<\/span><\/div><\/header><div class=\"bt_bb_separator bt_bb_border_style_none bt_bb_top_spacing_normal bt_bb_bottom_spacing_none\" data-bt-override-class=\"{&quot;bt_bb_top_spacing_&quot;:{&quot;current_class&quot;:&quot;bt_bb_top_spacing_normal&quot;,&quot;def&quot;:&quot;normal&quot;,&quot;xl&quot;:&quot;normal&quot;},&quot;bt_bb_bottom_spacing_&quot;:{&quot;current_class&quot;:&quot;bt_bb_bottom_spacing_none&quot;,&quot;def&quot;:&quot;none&quot;,&quot;xl&quot;:&quot;none&quot;}}\"><\/div><\/div><\/div><\/div><\/div><\/div><!-- cell_inner --><\/div><!-- cell --><\/div><!-- port --><\/section><section id=\"bt_bb_section6a09594f700a8\" class=\"bt_bb_section bt_bb_layout_boxed_1200\"  data-bt-override-class=\"null\"><div class=\"bt_bb_port\"><div class=\"bt_bb_cell\"><div class=\"bt_bb_cell_inner\"><div class=\"bt_bb_row \"  data-bt-override-class=\"{}\"><div class=\"bt_bb_row_holder\" ><div  class=\"bt_bb_column col-xl-6 col-xs-12 col-sm-6 col-md-6 col-lg-6 bt_bb_align_left bt_bb_vertical_align_top bt_bb_padding_normal\"  data-width=\"6\" data-bt-override-class=\"{}\"><div class=\"bt_bb_column_content\"><div class=\"bt_bb_separator bt_bb_border_style_none bt_bb_top_spacing_small bt_bb_bottom_spacing_none\" data-bt-override-class=\"{&quot;bt_bb_top_spacing_&quot;:{&quot;current_class&quot;:&quot;bt_bb_top_spacing_small&quot;,&quot;def&quot;:&quot;small&quot;,&quot;xl&quot;:&quot;small&quot;},&quot;bt_bb_bottom_spacing_&quot;:{&quot;current_class&quot;:&quot;bt_bb_bottom_spacing_none&quot;,&quot;def&quot;:&quot;none&quot;,&quot;xl&quot;:&quot;none&quot;}}\"><\/div><div data-bb-version=\"5.5.9\" class=\"bt_bb_image bt_bb_shape_square bt_bb_target_self bt_bb_align_left bt_bb_hover_style_simple bt_bb_content_display_always bt_bb_content_align_middle bt_bb_fill_background_color_full\" data-bt-override-class=\"{&quot;bt_bb_align_&quot;:{&quot;current_class&quot;:&quot;bt_bb_align_left&quot;,&quot;def&quot;:&quot;left&quot;},&quot;bt_bb_content_display_&quot;:{&quot;current_class&quot;:&quot;bt_bb_content_display_always&quot;,&quot;def&quot;:&quot;always&quot;}}\"><a href=\"#\"  target=\"_self\" title=\"TOdanew\"><img loading=\"lazy\" decoding=\"async\" width=\"640\" height=\"360\" src=\"https:\/\/todama.com\/wp-content\/uploads\/2026\/01\/Anyversar2002-2026-640x360.jpg\" class=\"attachment-medium size-medium\" alt=\"TOdanew\" data-full_image_src=\"https:\/\/todama.com\/wp-content\/uploads\/2026\/01\/Anyversar2002-2026.jpg\" title=\"TOdanew\" srcset=\"https:\/\/todama.com\/wp-content\/uploads\/2026\/01\/Anyversar2002-2026-640x360.jpg 640w, https:\/\/todama.com\/wp-content\/uploads\/2026\/01\/Anyversar2002-2026-768x432.jpg 768w, https:\/\/todama.com\/wp-content\/uploads\/2026\/01\/Anyversar2002-2026-320x180.jpg 320w, https:\/\/todama.com\/wp-content\/uploads\/2026\/01\/Anyversar2002-2026.jpg 1280w\" sizes=\"auto, (max-width: 640px) 100vw, 640px\" \/><\/a><\/div><div class=\"bt_bb_separator bt_bb_border_style_none bt_bb_top_spacing_small bt_bb_bottom_spacing_none\" data-bt-override-class=\"{&quot;bt_bb_top_spacing_&quot;:{&quot;current_class&quot;:&quot;bt_bb_top_spacing_small&quot;,&quot;def&quot;:&quot;small&quot;,&quot;xl&quot;:&quot;small&quot;},&quot;bt_bb_bottom_spacing_&quot;:{&quot;current_class&quot;:&quot;bt_bb_bottom_spacing_none&quot;,&quot;def&quot;:&quot;none&quot;,&quot;xl&quot;:&quot;none&quot;}}\"><\/div><div  class=\"bt_bb_text\" ><\/p>\n<h4 style=\"font-weight: 400;\">Mision:<\/h4>\n<p style=\"font-weight: 400; text-align: left;\">Brindar soluciones eficientes y seguras a los clientes a trav\u00e9s de productos y servicios que corrigen, evitan y prev\u00e9n la aparici\u00f3n de corrosi\u00f3n y otros factores destructivos a las instalaciones de petr\u00f3leo, petroqu\u00edmica y gas.<\/p>\n<p>\n<\/div><div class=\"bt_bb_separator bt_bb_border_style_none bt_bb_top_spacing_medium bt_bb_bottom_spacing_small\" data-bt-override-class=\"{&quot;bt_bb_top_spacing_&quot;:{&quot;current_class&quot;:&quot;bt_bb_top_spacing_medium&quot;,&quot;def&quot;:&quot;medium&quot;,&quot;xl&quot;:&quot;medium&quot;},&quot;bt_bb_bottom_spacing_&quot;:{&quot;current_class&quot;:&quot;bt_bb_bottom_spacing_small&quot;,&quot;def&quot;:&quot;small&quot;,&quot;xl&quot;:&quot;small&quot;}}\"><\/div><div  class=\"bt_bb_text\" ><\/p>\n<h4 style=\"font-weight: 400;\">Visi\u00f3n:<\/h4>\n<p style=\"font-weight: 400; text-align: left;\">Convertirnos en el aliado estrat\u00e9gico para llevar a cabo los proyectos mas exigentes de la industria ciudadano la atenci\u00f3n y el servicio desde el inicio hasta el final de todo el proceso.<\/p>\n<p>\n<\/div><div data-bb-version=\"4.7.6\" class=\"bt_bb_separator bt_bb_border_style_none bt_bb_top_spacing_small bt_bb_bottom_spacing_small\" data-bt-override-class=\"{&quot;bt_bb_top_spacing_&quot;:{&quot;current_class&quot;:&quot;bt_bb_top_spacing_small&quot;,&quot;def&quot;:&quot;small&quot;},&quot;bt_bb_bottom_spacing_&quot;:{&quot;current_class&quot;:&quot;bt_bb_bottom_spacing_small&quot;,&quot;def&quot;:&quot;small&quot;}}\"><\/div><div data-bb-version=\"4.7.6\" class=\"bt_bb_separator bt_bb_border_style_none bt_bb_top_spacing_small bt_bb_bottom_spacing_small\" data-bt-override-class=\"{&quot;bt_bb_top_spacing_&quot;:{&quot;current_class&quot;:&quot;bt_bb_top_spacing_small&quot;,&quot;def&quot;:&quot;small&quot;},&quot;bt_bb_bottom_spacing_&quot;:{&quot;current_class&quot;:&quot;bt_bb_bottom_spacing_small&quot;,&quot;def&quot;:&quot;small&quot;}}\"><\/div><div data-bb-version=\"4.7.6\" class=\"bt_bb_button bt_bb_color_scheme_11 bt_bb_icon_position_left bt_bb_style_filled bt_bb_size_normal bt_bb_width_inline bt_bb_shape_inherit bt_bb_target_self bt_bb_text_transform_inherit bt_bb_align_inherit bt_bb_animation_fade_in move_right animate\" style=\"; --primary-color:#ffffff; --secondary-color:#1b4962;\" data-bt-override-class=\"{&quot;bt_bb_size_&quot;:{&quot;current_class&quot;:&quot;bt_bb_size_normal&quot;,&quot;def&quot;:&quot;normal&quot;},&quot;bt_bb_align_&quot;:{&quot;current_class&quot;:&quot;bt_bb_align_inherit&quot;,&quot;def&quot;:&quot;inherit&quot;}}\"><a href=\"https:\/\/todama.com\/?page_id=2632\" target=\"_self\" class=\"bt_bb_link\" title=\"PRODUCTOS PARA OIL AND GAS\"><span class=\"bt_bb_button_text\" >PRODUCTOS PARA OIL AND GAS<\/span><\/a><\/div><div class=\"bt_bb_separator bt_bb_border_style_none bt_bb_top_spacing_medium bt_bb_bottom_spacing_small\" data-bt-override-class=\"{&quot;bt_bb_top_spacing_&quot;:{&quot;current_class&quot;:&quot;bt_bb_top_spacing_medium&quot;,&quot;def&quot;:&quot;medium&quot;,&quot;xl&quot;:&quot;medium&quot;},&quot;bt_bb_bottom_spacing_&quot;:{&quot;current_class&quot;:&quot;bt_bb_bottom_spacing_small&quot;,&quot;def&quot;:&quot;small&quot;,&quot;xl&quot;:&quot;small&quot;}}\"><\/div><\/div><\/div><div  class=\"bt_bb_column col-xl-6 col-xs-12 col-sm-6 col-md-6 col-lg-6 bt_bb_align_left bt_bb_vertical_align_top bt_bb_padding_normal\"  data-width=\"6\" data-bt-override-class=\"{}\"><div class=\"bt_bb_column_content\"><div class=\"bt_bb_separator bt_bb_border_style_none bt_bb_top_spacing_small bt_bb_bottom_spacing_none\" data-bt-override-class=\"{&quot;bt_bb_top_spacing_&quot;:{&quot;current_class&quot;:&quot;bt_bb_top_spacing_small&quot;,&quot;def&quot;:&quot;small&quot;,&quot;xl&quot;:&quot;small&quot;},&quot;bt_bb_bottom_spacing_&quot;:{&quot;current_class&quot;:&quot;bt_bb_bottom_spacing_none&quot;,&quot;def&quot;:&quot;none&quot;,&quot;xl&quot;:&quot;none&quot;}}\"><\/div><div  class=\"bt_bb_text\" ><\/p>\n<p><span class=\"auto-style12\"> <span class=\"m_2697680107613751023auto-style12\"><b>TODAMA INTERNACIONAL, S.A. DE C.V. <\/b><\/span><span class=\"m_2697680107613751023auto-style11\">\u00a0nace en el a\u00f1o 2002 cuando la necesidad traer productos innovadores que resolvieran los nuevos problemas y retos que presentaba la industria se hac\u00edan cada vez mas presentes. <strong>TODAMA<\/strong> Internacional es una empresa dedicada a importar\u00a0 al mercado nacional del petr\u00f3leo petroqu\u00edmica y gas, productos y servicios novedosos y de una excelente calidad que en algunos casos no han llegado a M\u00e9xico y que ya se aplican en mercados de Europa, Estados Unidos y medio oriente con un gran \u00e9xito. <\/span><\/span><\/p>\n<p><span class=\"auto-style12\"><span class=\"m_2697680107613751023auto-style11\"><strong>TODAMA Internacional<\/strong>, al contar con contratos de exclusividad de distintas marcas ofrece la misma atenci\u00f3n y servicio que el usuario final pudiera encontrar adquiriendo los productos directamente en planta. Trabajamos con marcas de excelente calidad y prestigio asegur\u00e1ndonos de que los productos que ofrecemos le brindaran confianza, seguridad y el correcto desempe\u00f1o para llevar a cabo sus proyectos.<\/span><\/span><\/p>\n<p>Nuestra l\u00ednea de Trabajo:<\/p>\n<ul>\n<li>Juntas Aislantes para protecci\u00f3n cat\u00f3dica<\/li>\n<li>Juntas dise\u00f1adas para aplicaciones de servicio critico<\/li>\n<li>Sistema Anticorrosivo<\/li>\n<li>Fibra de vidrio para tuber\u00eda<\/li>\n<li>Sellos Expansores<\/li>\n<li>Mangas Termo contr\u00e1ctiles<\/li>\n<li>Velas de Reparaci\u00f3n de Recubrimientos FBE<\/li>\n<li>Recubrimientos anticorrosivos para tuber\u00eda enterrada y descubierta.<\/li>\n<li>Aisladores Concentricos.<\/li>\n<\/ul>\n<p>Uno de los objetivos de\u00a0<strong>TODAMA <\/strong>es la distribuci\u00f3n de productos de calidad, aportando soluciones para las compa\u00f1\u00edas\u00a0 petroleras y gas en general,\u00a0 en particular para\u00a0 evitar desgastes y corrosi\u00f3n.<\/p>\n<p>Nuestra evoluci\u00f3n se basa en la soluci\u00f3n que se adapte a sus necesidades y nuestro constante aprendizaje para as\u00ed poder orientar a nuestros clientes\u00a0 en encontrar el\u00a0 producto requerido y enviarlo a sus instalaciones o al campo donde se encuentra su equipo.<\/p>\n<p>Visite nuestras p\u00e1ginas de productos por marca de nuestros distribuidores, para obtener m\u00e1s informaci\u00f3n sobre los productos que usted necesita y poder colaborar en\u00a0 reducir los costos de mantenimiento.<\/p>\n<p>\n<\/div><div class=\"bt_bb_separator bt_bb_border_style_none bt_bb_top_spacing_small bt_bb_bottom_spacing_small\" data-bt-override-class=\"{&quot;bt_bb_top_spacing_&quot;:{&quot;current_class&quot;:&quot;bt_bb_top_spacing_small&quot;,&quot;def&quot;:&quot;small&quot;,&quot;xl&quot;:&quot;small&quot;},&quot;bt_bb_bottom_spacing_&quot;:{&quot;current_class&quot;:&quot;bt_bb_bottom_spacing_small&quot;,&quot;def&quot;:&quot;small&quot;,&quot;xl&quot;:&quot;small&quot;}}\"><\/div><\/div><\/div><\/div><\/div><\/div><!-- cell_inner --><\/div><!-- cell --><\/div><!-- port --><\/section><\/p>\n","protected":false},"excerpt":{"rendered":"","protected":false},"author":1,"featured_media":0,"parent":0,"menu_order":0,"comment_status":"closed","ping_status":"closed","template":"","meta":{"footnotes":""},"class_list":["post-2883","page","type-page","status-publish","hentry"],"_links":{"self":[{"href":"https:\/\/todama.com\/index.php?rest_route=\/wp\/v2\/pages\/2883","targetHints":{"allow":["GET"]}}],"collection":[{"href":"https:\/\/todama.com\/index.php?rest_route=\/wp\/v2\/pages"}],"about":[{"href":"https:\/\/todama.com\/index.php?rest_route=\/wp\/v2\/types\/page"}],"author":[{"embeddable":true,"href":"https:\/\/todama.com\/index.php?rest_route=\/wp\/v2\/users\/1"}],"replies":[{"embeddable":true,"href":"https:\/\/todama.com\/index.php?rest_route=%2Fwp%2Fv2%2Fcomments&post=2883"}],"version-history":[{"count":19,"href":"https:\/\/todama.com\/index.php?rest_route=\/wp\/v2\/pages\/2883\/revisions"}],"predecessor-version":[{"id":3909,"href":"https:\/\/todama.com\/index.php?rest_route=\/wp\/v2\/pages\/2883\/revisions\/3909"}],"wp:attachment":[{"href":"https:\/\/todama.com\/index.php?rest_route=%2Fwp%2Fv2%2Fmedia&parent=2883"}],"curies":[{"name":"wp","href":"https:\/\/api.w.org\/{rel}","templated":true}]}}